483 a prime number?
True
Is 1619918887 composite?
False
Is 9454690103 a composite number?
False
Is 269679041 prime?
False
Is 271599781 a prime number?
True
Is 7593119689 a prime number?
True
Is 445268851 composite?
False
Is 1136461087 composite?
False
Is 314586541 prime?
False
Is 78810253109 composite?
True
Is 1919602159 prime?
False
Is 725683531 composite?
False
Is 124864577 a composite number?
False
Is 14279688541 composite?
False
Is 50375106953 prime?
True
Is 42098729 a composite number?
True
Is 944983409 a composite number?
True
Is 1887382201 prime?
False
Is 625393235 prime?
False
Is 128002560871 a composite number?
False
Is 262428421721 a prime number?
True
Is 2000076661 prime?
False
Is 8152770877 a composite number?
True
Is 24945038543 prime?
True
Is 542909734 composite?
True
Is 1721359553 composite?
False
Is 299983591 a composite number?
True
Is 16507441579 prime?
True
Is 1090844813 a composite number?
False
Is 20656016369 a prime number?
True
Is 204412177 a composite number?
True
Is 2789456333 composite?
False
Is 7912630393 composite?
False
Is 1112423729 a composite number?
True
Is 262698097 prime?
False
Is 141510895807 a composite number?
False
Is 578011859 a prime number?
True
Is 93260959643 a composite number?
True
Is 2713272899 a composite number?
True
Is 135318857 composite?
False
Is 7350638413 prime?
True
Is 509412377 a composite number?
False
Is 159457826485 prime?
False
Is 1343786389 a composite number?
True
Is 870793603 composite?
True
Is 967861721 prime?
True
Is 9328766261 composite?
True
Is 57182001629 prime?
False
Is 7427192793 composite?
True
Is 1298310971 a prime number?
True
Is 449604301 composite?
False
Is 5491645217 composite?
True
Is 1858852511 prime?
True
Is 175428679 a composite number?
False
Is 64528397 a composite number?
True
Is 1006299991 a composite number?
False
Is 447095471 composite?
True
Is 182028341813 composite?
True
Is 4032487993 composite?
False
Is 89810037857 a composite number?
True
Is 20839072759 composite?
True
Is 3937336223 a composite number?
True
Is 243125783 a prime number?
False
Is 298583123009 prime?
False
Is 11511534049 a composite number?
False
Is 21409670281 prime?
False
Is 4658839373 a composite number?
False
Is 416909063 prime?
False
Is 12577155397 a composite number?
True
Is 24753277 composite?
False
Is 768789577 a composite number?
True
Is 5263670647 prime?
True
Is 62259378911 composite?
True
Is 2919351277 a prime number?
False
Is 155862683 prime?
True
Is 68810393 composite?
False
Is 4851496709 a composite number?
True
Is 6347741467 composite?
False
Is 164559781 prime?
False
Is 347370433 a composite number?
False
Is 1928692569 prime?
False
Is 2597371793 a prime number?
False
Is 4108805203 a composite number?
True
Is 28638737597 composite?
True
Is 14763476971 a prime number?
False
Is 242203877 composite?
True
Is 405789217 prime?
True
Is 29506767023 a composite number?
False
Is 1978178729 prime?
True
Is 549469361 a composite number?
True
Is 1914165251 a prime number?
False
Is 51181870757 composite?
False
Is 41981513495 a prime number?
False
Is 2798244041 a prime number?
True
Is 15397971293 prime?
True
Is 668520049 composite?
True
Is 168627588661 a composite number?
True
Is 266638289 composite?
True
Is 4020147383 composite?
True
Is 4140458219 a prime number?
False
Is 36197917211 a composite number?
False
Is 16499943137 composite?
False
Is 15765622933 a prime number?
False
Is 47433155353 a composite number?
True
Is 58847009289 composite?
True
Is 112109867 a composite number?
True
Is 87133349759 a prime number?
True
Is 62330231753 a prime number?
True
Is 13985099783 a composite number?
False
Is 11767215133 a prime number?
False
Is 6960607127 a composite number?
False
Is 3365938997 a prime number?
True
Is 634713941 a composite number?
True
Is 977934803 composite?
False
Is 4815601849 composite?
True
Is 18275161127 a prime number?
False
Is 14371937603 a composite number?
True
Is 116810402255 a composite number?
True
Is 5557215869 prime?
True
Is 3344362939 composite?
True
Is 24741536047 a composite number?
False
Is 2814900553 composite?
False
Is 24455055089 composite?
True
Is 1240178221 a prime number?
True
Is 2922403103 a prime number?
True
Is 1260479449 a composite number?
True
Is 3905007647 a prime number?
False
Is 101718763 a composite number?
True
Is 16767191581 a prime number?
False
Is 31821223 prime?
False
Is 5651952077 composite?
False
Is 124540807 a prime number?
True
Is 7182678229 prime?
True
Is 28266700873 a composite number?
False
Is 56198341 a prime number?
True
Is 16367992169 prime?
False
Is 8550793409 a composite number?
False
Is 581796818 prime?
False
Is 95796422087 prime?
True
Is 3532853161 composite?
False
Is 1963015433 prime?
True
Is 20246666977 a prime number?
False
Is 131980691723 prime?
True
Is 9468374657 composite?
True
Is 19285583 prime?
True
Is 842466151 a composite number?
False
Is 51463003133 a composite number?
False
Is 35675739973 a prime number?
False
Is 52066789 a prime number?
True
Is 4589125661 a prime number?
False
Is 21310867091 a composite number?
False
Is 2721151309 prime?
True
Is 136282457 a prime number?
True
Is 2272555187 a composite number?
True
Is 2011650629 composite?
True
Is 4013962391 a composite number?
True
Is 43444691 a composite number?
True
Is 28792468597 a prime number?
True
Is 717357819 prime?
False
Is 56661551 prime?
False
Is 2927626901 a composite number?
False
Is 29207543845 a prime number?
False
Is 63983713333 composite?
True
Is 54443530669 composite?
True
Is 12176616041 prime?
True
Is 248061829 composite?
False
Is 8953447333 composite?
False
Is 31270451699 a prime number?
True
Is 6605165857 a prime number?
True
Is 666815689 composite?
True
Is 1684343494 prime?
False
Is 1433994689 prime?
True
Is 3915141091 a composite number?
True
Is 833162887 prime?
False
Is 743388923 a composite number?
True
Is 9848305501 a composite number?
True
Is 6317708119 composite?
False
Is 87681551 prime?
False
Is 17748012827 a prime number?
True
Is 424166101 a composite number?
True
Is 48761534257 prime?
False
Is 315010973 composite?
True
Is 18888065149 a prime number?
False
Is 926142457 a prime number?
False
Is 180021181661 composite?
False
Is 145263851 prime?
False
Is 82578694817 a prime number?
True
Is 714441317 prime?
True
Is 83142559 composite?
True
Is 3158093021 prime?
True
Is 1544365631 prime?
True
Is 2941239593 composite?
True
Is 5961593021 a prime number?
True
Is 1094920121 a prime number?
True
Is 23046058751 a prime number?
True
Is 1705837291 composite?
False
Is 96690071 a prime number?
False
Is 21635424961 a prime number?
True
Is 36225286427 prime?
False
Is 61534744651 a prime number?
False
Is 2583717563 a composite number?
True
Is 125835874 composite?
True
Is 104170867 a composite number?
False
Is 3120675209 composite?
False
Is 7391461609 composite?
True
Is 9525265637 a composite number?
True
Is 8987950841 composite?
False
Is 203754323 prime?
True
Is 2375814353 a prime number?
False
Is 13030038573 composite?
True
Is 2558144461 composite?
False
Is 14201234443 a prime number?
False
Is 7140291817 prime?
True
Is 42516048131 prime?
True
Is 2285876633 a prime number?
True
Is 8373241187 a composite number?
False
Is 3864444569 a composite number?
False
Is 10990367 prime?
True
Is 1520176399 composite?
True
Is 4527335459 composite?
False
Is 34829753147 composite?
True
Is 1778225203 prime?
True
Is 17654025019 a prime number?
False
Is 129170746171 prime?
True
Is 4452952781 composite?
True
Is 30445718554 a prime number?
False
Is 1013412229 composite?
False
Is 462106777981 composite?
False
Is 254370393919 prime?
True
Is 47729052677 a composite number?
True
Is 49853917 a composite number?
False
Is 228059833 prime?
True
Is 66475841219 a composite number?
True
Is 3453427541 composite?
True
Is 8344711547 prime?
True
Is 473368787 a prime number?
False
Is 31685097473 composite?
False
Is 29060209099 prime?
True
Is 4366866899 composite?
False
Is 524603899 a composite number?
False
Is 10775430158 prime?
False
Is 13937172287 composite?
False
Is 4201307707 a prime number?
True
Is 10767445387 prime?
True
Is 23740130377 prime?
True
Is 23239290143 prime?
False
Is 703234753 a composite number?
True
Is 1658591219 a composite number?
False
Is 28703643847 composite?
True
Is 2334